 = -m - 70. Suppose 0 = r - 5*r + 80. Let u be 3/15 - (-276)/r. Calculate the greatest common factor of u and m.
14
Suppose -4*a = -0*a - 16. Suppose -a*t + 180 = 5*f, -4*f + 2*t = -61 - 57. What is the highest common factor of f and 16?
16
Let k = 57 + -38. What is the highest common factor of k and 171?
19
Let o = 19 + -10. Suppose -12 = -2*n - 2*t, o*t = n + 4*t - 6. Suppose -2*q + 65 = -31. What is the greatest common factor of q and n?
6
Suppose -4*l + 40 = 2*q + 6, 3*q = -5*l + 46. Suppose 229 = 5*a + 24. Suppose -5*w + a = -2*d, w - 2*d = 1 + 12. What is the greatest common divisor of q and w?
7
Let f(y) = -3*y - 6. Let s be f(-5). Let z = 1 + s. Let c = 55 - 15. What is the highest common factor of z and c?
10
Let k(j) = j**2 - 6*j - 12. Let c be 1*8 + 6/6. Let s be k(c). What is the greatest common divisor of 105 and s?
15
Let p be 1 - -18 - (-5 + 6). Calculate the highest common factor of 18 and p.
18
Let x(z) = 5*z - 5. Let o be (-99)/(-15) + 2/5. Let l be x(o). What is the greatest common factor of l and 15?
15
Suppose f + 5*w + 1 - 8 = 0, 0 = 3*f - 2*w - 4. Let x be (0 - -4 - f) + 1. What is the greatest common divisor of 33 and x?
3
Let s = 1 + -1. Suppose -g + 14 + 4 = s. What is the highest common factor of 18 and g?
18
Suppose 3*t - 5 = 4. Suppose -59 - 40 = -t*j. Suppose 0 = 5*g - 2*g - j. What is the highest common factor of g and 77?
11
Let c(o) = -o**2 + 32*o + 177. Let z be c(35). Suppose 5*f + 2*d - 46 = 0, 2*f + 2*d - 9 - 13 = 0. What is the highest common factor of f and z?
8
Let y be 18 + (-6)/(-3) - 1. Suppose j + 3 = y. Calculate the greatest common factor of 16 and j.
16
Let l = -42 - -114. Calculate the highest common divisor of l and 9.
9
Suppose -5*v = -2*v - 18. What is the greatest common divisor of 6 and v?
6
Let b = -42 - -91. Let h = b - -59. Suppose 5*v = 8*v - h. Calculate the greatest common factor of 90 and v.
18
Suppose 0 = d - 3*k - k - 166, 2*d + k - 305 = 0. What is the greatest common divisor of d and 14?
14
Suppose -4*i + 4 = -2*i. Suppose -u - c + 26 = i*c, -5*c + 36 = u. What is the greatest common divisor of u and 22?
11
Let t = 491 + -149. What is the greatest common divisor of 38 and t?
38
Let b = -9 - -15. Let s be 76/b - 2/3. Let j be (-9*1)/(9/(-12)). Calculate the highest common factor of s and j.
12
Suppose 0 = 2*q - 82 - 68. What is the highest common divisor of 15 and q?
15
Let i(m) = 2*m - 16. Let h be i(13). Calculate the highest common factor of h and 4.
2
Let q(p) = p**2 + 2*p + 3. Let z be q(-3). Calculate the highest common factor of 3 and z.
3
Let f(p) = -2*p + 6. Let u be f(0). Suppose -24 = -4*c - 0*c. What is the greatest common factor of c and u?
6
Suppose -3*h + 566 = -5*y, 0 = -0*y + y + 4. Calculate the highest common factor of 26 and h.
26
Let w(z) = -2*z + 11. Let a be w(9). Let o be a/21 + (-385)/(-3). What is the greatest common divisor of o and 16?
16
Let q be (2/3)/((-2)/(-12)). Suppose -40 = -q*o - 0*o. Suppose 0 = m - 5*m - 4*p + 44, 4*p + 26 = 3*m. What is the highest common divisor of m and o?
10
Let t = 9 + 3. What is the highest common factor of 132 and t?
12
Suppose -5*x = -5*p - 180, -4*x - x - 3*p + 212 = 0. Calculate the highest common factor of x and 60.
20
Let g(x) = -x**2 - 5*x + 4. Let v be g(-5). Let z = v - -2. Let h be 375/18 - (-1)/z. Calculate the highest common factor of 3 and h.
3
Suppose -7*g + 4*g - 276 = -3*k, -5*k - 3*g = -444. Calculate the greatest common factor of 18 and k.
18
Let g be -1 + 2 - -1 - 4. Let m(w) = 2*w - 24. Let d be m(10). Let u be (-2)/d*(10 + g). Calculate the greatest common divisor of 8 and u.
4
Suppose 2*r - 6*r - 74 = -5*o, -r - 14 = -o. Let u be o/1*(-2)/(-3). Calculate the highest common divisor of u and 108.
12
Let n(u) = 7*u + 48. Let l be n(0). What is the greatest common factor of l and 120?
24
Suppose 0 = b - 10 - 10. Let h be (80 + 0)*4/2. What is the highest common divisor of b and h?
20
Suppose 2*k = 39 + 271. What is the highest common divisor of k and 62?
31
Suppose 0*g + g = -2*w + 10, 35 = 4*g + 3*w. Let d be ((-2)/(-8))/(10/640). What is the highest common factor of g and d?
8
Let i(m) = -4*m + 4. Let g be i(-6). Suppose -4*z - g = -0. Let r be z/((-14)/36) + -3. Calculate the highest common divisor of r and 165.
15
Let w be 7 + -7 + (5 - -1). What is the highest common divisor of 2 and w?
2
Suppose 0 = -2*k + 5*o + 35, -5*k = 4*o - 31 - 40. Calculate the highest common divisor of k and 150.
15
Suppose 0 = -4*i - 0*i + 56. Let s(a) = -a - 4. Let k be s(-4). Suppose -3*c - 3 + 24 = k. What is the greatest common factor of i and c?
7
Suppose -4*t - 1124 = 4*j, j = -0*j + 5. Let q be 3/12 - t/8. What is the highest common factor of 4 and q?
4
Suppose -2*g + 5 = -4*w + 21, -4*w - g = -28. Let x be -1 - -1*(0 - -19). What is the greatest common factor of x and w?
6
Let v be (-1)/(-4) + (-597)/(-12). Suppose 4*i - 3*i = v. Calculate the highest common divisor of i and 10.
10
Let w be (2 - (-8 - -5)) + 1. What is the highest common factor of w and 33?
3
Suppose 114 = 5*d - 4*n, -2*d - n + 43 = -0*d. Suppose 0 = -3*o - 3, -3*u + 5*o = -611 + 78. What is the highest common factor of d and u?
22
Let m be ((-12)/5)/((-3)/15). Let u = 40 + -22. Let f = u - m. Calculate the highest common divisor of f and 66.
6
Suppose -5*x + 5*o - 1 = -11, -o = -3*x + 14. Let c(k) = -21*k + 3. Let s be c(-3). Calculate the greatest common divisor of s and x.
6
Let w be (-8)/52 + 37/(-13). Let m be ((-28)/w)/4*9. Calculate the greatest common factor of m and 84.
21
Let r be 0 + (3 - 5)/2. Let h(q) = 7*q**2 + q. Let c be h(r). Let i = -42 + 96. What is the highest common factor of c and i?
6
Let h be -2 - (-1 + (1 - 4)). Suppose h*b + 2*b = 208. Calculate the highest common factor of 13 and b.
13
Let q(y) = -y**3 + 8*y**2 - 9*y + 2. Let o be q(6). What is the greatest common divisor of 20 and o?
20
Let f(l) be the first derivative of l**2/2 + 12*l - 4. Let d be f(-7). What is the highest common factor of d and 2?
1
Let t be (7/(-2))/((-5)/10). Let f = -7 + -13. Let s = 43 - f. Calculate the greatest common divisor of s and t.
7
Suppose 100 = -3*h + 8*h. What is the greatest common factor of 30 and h?
10
Suppose -3*c + 120 = -8*c. Let q be (1/(-2))/((-2)/(-24)). Let s be q/4*c/9. What is the greatest common divisor of 4 and s?
4
Let i be 16/6*(-114)/(-4). Suppose -i + 24 = -4*u. Suppose -z + 0*z + 2*w + 149 = 0, 5*z = -5*w + 700. Calculate the greatest common factor of u and z.
13
Let t = 20 - 4. Suppose 0 = -4*n - n + 40. What is the greatest common divisor of n and t?
8
Let i be 1/3 - 62/(-3). Suppose -5*l - 6 = -3*g, -5*l - i = -4*g - 8. Calculate the highest common factor of 49 and g.
7
Let g = -45 + 77. Calculate the greatest common factor of g and 4.
4
Suppose 0 = 5*x - 3*t + 6*t - 1235, -4*x = 4*t - 980. What is the highest common divisor of 10 and x?
10
Let a(m) = m**3 + 4*m**2 + 3*m - 2. Let k be a(-3). Let c be (-4)/k + (-36)/2. Let j be c/(-9) + 8/36. What is the highest common divisor of 2 and j?
2
Let r = 0 - -2. Suppose -l + 66 = r*l. Let f = -60 + 71. What is the highest common divisor of l and f?
11
Suppose 13 + 107 = 4*p. Suppose 0 = 6*h - 5*h + 4. Let n be p/h*64/(-12). Calculate the highest common divisor of 5 and n.
5
Let f = 68 - 62. Let j be (-1)/(1/2) + -2. Let y be 0 - (2 + j - 34). What is the greatest common factor of y and f?
6
Let p = 4 - 4. Suppose 2*f - 4*t = -p*t - 6, -t = f + 15. Let g be f/(-5) + 2/(-10). What is the greatest common factor of g and 6?
2
Suppose -2*x - 275 = -7*x. What is the greatest common factor of x and 5?
5
Let b be ((-32)/3)/((-8)/24). Calculate the greatest common divisor of 80 and b.
16
Let m be -1 - -2 - (-2 + -2). Calculate the greatest common factor of m and 5.
5
Let n(g) = -g**3 + 7*g**2 - 2*g - 14. Let i be n(6). What is the greatest common factor of i and 110?
10
Suppose 5*a = a - 88. Let y = -15 - a. Suppose q - 10 = o, 2*q - 2*o - 6 = -y*o. What is the greatest common divisor of 8 and q?
8
Let c(t) = -t**3 + 3*t**2 + 4*t + 4. Let q be c(4). What is the greatest common factor of q and 36?
4
Suppose 0 = -5*d + 3*d + 8. Suppose s + 30 = d*s. Let v(i) = 9*i - 9. Let f be v(s). What is the greatest common factor of 9 and f?
9
Let s(x) = x - 1. Let w(p) = p - 7. Let q(f)